{"id":4873,"date":"2022-04-21T18:31:23","date_gmt":"2022-04-21T16:31:23","guid":{"rendered":"https:\/\/bildungsmanagement.net\/digilead-digitalitaet\/"},"modified":"2022-04-21T18:31:23","modified_gmt":"2022-04-21T16:31:23","slug":"digilead-digitalitaet","status":"publish","type":"page","link":"https:\/\/bildungsmanagement.net\/en\/digilead\/digilead-digitalitaet\/","title":{"rendered":"Digitalit\u00e4t"},"content":{"rendered":"\t\t<div data-elementor-type=\"wp-page\" data-elementor-id=\"4873\" data-post-id=\"4873\" data-obj-id=\"4873\" class=\"elementor elementor-4873 dce-elementor-post-4873 elementor-3466\" data-elementor-post-type=\"page\">\n\t\t\t\t\t\t<section class=\"elementor-section elementor-top-section elementor-element elementor-element-0937677 elementor-section-boxed elementor-section-height-default elementor-section-height-default\" data-id=\"0937677\" data-element_type=\"section\" data-e-type=\"section\">\n\t\t\t\t\t\t<div class=\"elementor-container elementor-column-gap-default\">\n\t\t\t\t\t<div class=\"elementor-column elementor-col-100 elementor-top-column elementor-element elementor-element-417f9e5\" data-id=\"417f9e5\" data-element_type=\"column\" data-e-type=\"column\">\n\t\t\t<div class=\"elementor-widget-wrap elementor-element-populated\">\n\t\t\t\t\t\t<div class=\"elementor-element elementor-element-d364c59 elementor-widget elementor-widget-heading\" data-id=\"d364c59\" data-element_type=\"widget\" data-e-type=\"widget\" data-widget_type=\"heading.default\">\n\t\t\t\t<div class=\"elementor-widget-container\">\n\t\t\t\t\t<h2 class=\"elementor-heading-title elementor-size-default\">DigiLead: Digitalit\u00e4t<\/h2>\t\t\t\t<\/div>\n\t\t\t\t<\/div>\n\t\t\t\t<div class=\"elementor-element elementor-element-45a7b79 elementor-widget elementor-widget-heading\" data-id=\"45a7b79\" data-element_type=\"widget\" data-e-type=\"widget\" data-widget_type=\"heading.default\">\n\t\t\t\t<div class=\"elementor-widget-container\">\n\t\t\t\t\t<h3 class=\"elementor-heading-title elementor-size-default\">Schule und Bildung in der Digitalit\u00e4t gestalten \u2013 Zentrale Pr\u00e4missen, kritische Perspektiven, thematischer \u00dcberblick  <\/h3>\t\t\t\t<\/div>\n\t\t\t\t<\/div>\n\t\t\t\t<div class=\"elementor-element elementor-element-853f2c7 elementor-widget elementor-widget-text-editor\" data-id=\"853f2c7\" data-element_type=\"widget\" data-e-type=\"widget\" data-widget_type=\"text-editor.default\">\n\t\t\t\t<div class=\"elementor-widget-container\">\n\t\t\t\t\t\t\t\t\tIm Vortrag werden zentrale Prinzipien, Empfehlungen und konzeptionelle Ideen f\u00fcr Schule und Bildung in der Digitalit\u00e4t vorgestellt. Zwei Praxis-Checks erm\u00f6glichen die Analyse der eigenen Schulsituation vor dem Hintergrund der Pr\u00e4missen.\t\t\t\t\t\t\t\t<\/div>\n\t\t\t\t<\/div>\n\t\t\t\t<div class=\"elementor-element elementor-element-828d8a2 dce_masking-none elementor-widget elementor-widget-video\" data-id=\"828d8a2\" data-element_type=\"widget\" data-e-type=\"widget\" data-settings=\"{&quot;youtube_url&quot;:&quot;https:\\\/\\\/youtu.be\\\/MqxZXklkL6U&quot;,&quot;video_type&quot;:&quot;youtube&quot;,&quot;controls&quot;:&quot;yes&quot;}\" data-widget_type=\"video.default\">\n\t\t\t\t<div class=\"elementor-widget-container\">\n\t\t\t\t\t\t\t<div class=\"elementor-wrapper elementor-open-inline\">\n\t\t\t<div class=\"elementor-video\"><\/div>\t\t<\/div>\n\t\t\t\t\t\t<\/div>\n\t\t\t\t<\/div>\n\t\t\t\t<div class=\"elementor-element elementor-element-3780bf2 elementor-widget elementor-widget-text-editor\" data-id=\"3780bf2\" data-element_type=\"widget\" data-e-type=\"widget\" data-widget_type=\"text-editor.default\">\n\t\t\t\t<div class=\"elementor-widget-container\">\n\t\t\t\t\t\t\t\t\t<p style=\"font-weight: 400;\">Der Aufsatz vertieft den Vortrag: <a href=\"https:\/\/bildungsmanagement.net\/publikationen\/schule-in-der-digitalitaet-gestalten\/\">https:\/\/bildungsmanagement.net\/publikationen\/schule-in-der-digitalitaet-gestalten\/<\/a><\/p><p style=\"font-weight: 400;\">Er geht der Frage nach, wie Schule in Zeiten des digitalen Wandels zu gestalten ist. Einf\u00fchrend wird die Corona-Pandemie als Booster digitalen Wandels beschrieben. Grundlegende Perspektiven werden pr\u00e4sentiert und die Rolle von Schulleitungen und Kollegien im Umgang mit dem digitalen Wandel im Rahmen der Schulentwicklung skizziert. Mit dem Handlungsmodell Schulgestaltung wird eine theoretische Rahmung von Bildung, Lernen und Schulgestaltung mit Digitalit\u00e4t vorgenommen. Es werden Pr\u00e4missen, Empfehlungen, konzeptionelle Ideen und M\u00f6glichkeiten und das thematische Spektrum aufgezeigt, beides f\u00fcr einen Praxis-Check und im Handlungsmodell Schulgestaltung verankert. Im Anschluss werden digitaler Wandel, Schule und Bildung nach Erfahrungsgrad und Schulform differenziert. Der Beitrag schlie\u00dft mit einem Fazit, auch in Sachen Digitalisierung das Richtige richtig zu tun, schrittweise und in einer Balance von Bewahren, Innovieren und Optimieren.<\/p>\t\t\t\t\t\t\t\t<\/div>\n\t\t\t\t<\/div>\n\t\t\t\t\t<\/div>\n\t\t<\/div>\n\t\t\t\t\t<\/div>\n\t\t<\/section>\n\t\t\t\t<\/div>\n\t\t","protected":false},"excerpt":{"rendered":"<p>DigiLead: Digitalit\u00e4t Schule und Bildung in der Digitalit\u00e4t gestalten \u2013 Zentrale Pr\u00e4missen, kritische Perspektiven, thematischer \u00dcberblick Im Vortrag werden zentrale Prinzipien, Empfehlungen und konzeptionelle Ideen f\u00fcr Schule und Bildung in der Digitalit\u00e4t vorgestellt. Zwei Praxis-Checks erm\u00f6glichen die Analyse der eigenen Schulsituation vor dem Hintergrund der Pr\u00e4missen.https:\/\/youtu.be\/MqxZXklkL6U Der Aufsatz vertieft den Vortrag: https:\/\/bildungsmanagement.net\/publikationen\/schule-in-der-digitalitaet-gestalten\/ Er geht der [&hellip;]<\/p>\n","protected":false},"author":1,"featured_media":0,"parent":4875,"menu_order":0,"comment_status":"closed","ping_status":"closed","template":"","meta":{"footnotes":""},"class_list":["post-4873","page","type-page","status-publish","hentry"],"yoast_head":"<!-- This site is optimized with the Yoast SEO plugin v27.1.1 - https:\/\/yoast.com\/product\/yoast-seo-wordpress\/ -->\n<title>Digitalit\u00e4t - Education Management<\/title>\n<meta name=\"robots\" content=\"index, follow, max-snippet:-1, max-image-preview:large, max-video-preview:-1\" \/>\n<link rel=\"canonical\" href=\"https:\/\/bildungsmanagement.net\/en\/digilead\/digilead-digitalitaet\/\" \/>\n<meta property=\"og:locale\" content=\"en_US\" \/>\n<meta property=\"og:type\" content=\"article\" \/>\n<meta property=\"og:title\" content=\"Digitalit\u00e4t - Education Management\" \/>\n<meta property=\"og:description\" content=\"DigiLead: Digitalit\u00e4t Schule und Bildung in der Digitalit\u00e4t gestalten \u2013 Zentrale Pr\u00e4missen, kritische Perspektiven, thematischer \u00dcberblick Im Vortrag werden zentrale Prinzipien, Empfehlungen und konzeptionelle Ideen f\u00fcr Schule und Bildung in der Digitalit\u00e4t vorgestellt. Zwei Praxis-Checks erm\u00f6glichen die Analyse der eigenen Schulsituation vor dem Hintergrund der Pr\u00e4missen.https:\/\/youtu.be\/MqxZXklkL6U Der Aufsatz vertieft den Vortrag: https:\/\/bildungsmanagement.net\/publikationen\/schule-in-der-digitalitaet-gestalten\/ Er geht der [&hellip;]\" \/>\n<meta property=\"og:url\" content=\"https:\/\/bildungsmanagement.net\/en\/digilead\/digilead-digitalitaet\/\" \/>\n<meta property=\"og:site_name\" content=\"Education Management\" \/>\n<meta name=\"twitter:card\" content=\"summary_large_image\" \/>\n<meta name=\"twitter:label1\" content=\"Est. reading time\" \/>\n\t<meta name=\"twitter:data1\" content=\"1 minute\" \/>\n<script type=\"application\/ld+json\" class=\"yoast-schema-graph\">{\"@context\":\"https:\/\/schema.org\",\"@graph\":[{\"@type\":\"WebPage\",\"@id\":\"https:\/\/bildungsmanagement.net\/en\/digilead\/digilead-digitalitaet\/\",\"url\":\"https:\/\/bildungsmanagement.net\/en\/digilead\/digilead-digitalitaet\/\",\"name\":\"Digitalit\u00e4t - Education Management\",\"isPartOf\":{\"@id\":\"https:\/\/bildungsmanagement.net\/en\/#website\"},\"datePublished\":\"2022-04-21T16:31:23+00:00\",\"breadcrumb\":{\"@id\":\"https:\/\/bildungsmanagement.net\/en\/digilead\/digilead-digitalitaet\/#breadcrumb\"},\"inLanguage\":\"en-US\",\"potentialAction\":[{\"@type\":\"ReadAction\",\"target\":[\"https:\/\/bildungsmanagement.net\/en\/digilead\/digilead-digitalitaet\/\"]}]},{\"@type\":\"BreadcrumbList\",\"@id\":\"https:\/\/bildungsmanagement.net\/en\/digilead\/digilead-digitalitaet\/#breadcrumb\",\"itemListElement\":[{\"@type\":\"ListItem\",\"position\":1,\"name\":\"Startseite\",\"item\":\"https:\/\/bildungsmanagement.net\/en\/\"},{\"@type\":\"ListItem\",\"position\":2,\"name\":\"DigiLead\",\"item\":\"https:\/\/bildungsmanagement.net\/en\/digilead\/\"},{\"@type\":\"ListItem\",\"position\":3,\"name\":\"Digitalit\u00e4t\"}]},{\"@type\":\"WebSite\",\"@id\":\"https:\/\/bildungsmanagement.net\/en\/#website\",\"url\":\"https:\/\/bildungsmanagement.net\/en\/\",\"name\":\"Education Management\",\"description\":\"\",\"potentialAction\":[{\"@type\":\"SearchAction\",\"target\":{\"@type\":\"EntryPoint\",\"urlTemplate\":\"https:\/\/bildungsmanagement.net\/en\/?s={search_term_string}\"},\"query-input\":{\"@type\":\"PropertyValueSpecification\",\"valueRequired\":true,\"valueName\":\"search_term_string\"}}],\"inLanguage\":\"en-US\"}]}<\/script>\n<!-- \/ Yoast SEO plugin. -->","yoast_head_json":{"title":"Digitalit\u00e4t - Education Management","robots":{"index":"index","follow":"follow","max-snippet":"max-snippet:-1","max-image-preview":"max-image-preview:large","max-video-preview":"max-video-preview:-1"},"canonical":"https:\/\/bildungsmanagement.net\/en\/digilead\/digilead-digitalitaet\/","og_locale":"en_US","og_type":"article","og_title":"Digitalit\u00e4t - Education Management","og_description":"DigiLead: Digitalit\u00e4t Schule und Bildung in der Digitalit\u00e4t gestalten \u2013 Zentrale Pr\u00e4missen, kritische Perspektiven, thematischer \u00dcberblick Im Vortrag werden zentrale Prinzipien, Empfehlungen und konzeptionelle Ideen f\u00fcr Schule und Bildung in der Digitalit\u00e4t vorgestellt. Zwei Praxis-Checks erm\u00f6glichen die Analyse der eigenen Schulsituation vor dem Hintergrund der Pr\u00e4missen.https:\/\/youtu.be\/MqxZXklkL6U Der Aufsatz vertieft den Vortrag: https:\/\/bildungsmanagement.net\/publikationen\/schule-in-der-digitalitaet-gestalten\/ Er geht der [&hellip;]","og_url":"https:\/\/bildungsmanagement.net\/en\/digilead\/digilead-digitalitaet\/","og_site_name":"Education Management","twitter_card":"summary_large_image","twitter_misc":{"Est. reading time":"1 minute"},"schema":{"@context":"https:\/\/schema.org","@graph":[{"@type":"WebPage","@id":"https:\/\/bildungsmanagement.net\/en\/digilead\/digilead-digitalitaet\/","url":"https:\/\/bildungsmanagement.net\/en\/digilead\/digilead-digitalitaet\/","name":"Digitalit\u00e4t - Education Management","isPartOf":{"@id":"https:\/\/bildungsmanagement.net\/en\/#website"},"datePublished":"2022-04-21T16:31:23+00:00","breadcrumb":{"@id":"https:\/\/bildungsmanagement.net\/en\/digilead\/digilead-digitalitaet\/#breadcrumb"},"inLanguage":"en-US","potentialAction":[{"@type":"ReadAction","target":["https:\/\/bildungsmanagement.net\/en\/digilead\/digilead-digitalitaet\/"]}]},{"@type":"BreadcrumbList","@id":"https:\/\/bildungsmanagement.net\/en\/digilead\/digilead-digitalitaet\/#breadcrumb","itemListElement":[{"@type":"ListItem","position":1,"name":"Startseite","item":"https:\/\/bildungsmanagement.net\/en\/"},{"@type":"ListItem","position":2,"name":"DigiLead","item":"https:\/\/bildungsmanagement.net\/en\/digilead\/"},{"@type":"ListItem","position":3,"name":"Digitalit\u00e4t"}]},{"@type":"WebSite","@id":"https:\/\/bildungsmanagement.net\/en\/#website","url":"https:\/\/bildungsmanagement.net\/en\/","name":"Education Management","description":"","potentialAction":[{"@type":"SearchAction","target":{"@type":"EntryPoint","urlTemplate":"https:\/\/bildungsmanagement.net\/en\/?s={search_term_string}"},"query-input":{"@type":"PropertyValueSpecification","valueRequired":true,"valueName":"search_term_string"}}],"inLanguage":"en-US"}]}},"_links":{"self":[{"href":"https:\/\/bildungsmanagement.net\/en\/wp-json\/wp\/v2\/pages\/4873","targetHints":{"allow":["GET"]}}],"collection":[{"href":"https:\/\/bildungsmanagement.net\/en\/wp-json\/wp\/v2\/pages"}],"about":[{"href":"https:\/\/bildungsmanagement.net\/en\/wp-json\/wp\/v2\/types\/page"}],"author":[{"embeddable":true,"href":"https:\/\/bildungsmanagement.net\/en\/wp-json\/wp\/v2\/users\/1"}],"replies":[{"embeddable":true,"href":"https:\/\/bildungsmanagement.net\/en\/wp-json\/wp\/v2\/comments?post=4873"}],"version-history":[{"count":0,"href":"https:\/\/bildungsmanagement.net\/en\/wp-json\/wp\/v2\/pages\/4873\/revisions"}],"up":[{"embeddable":true,"href":"https:\/\/bildungsmanagement.net\/en\/wp-json\/wp\/v2\/pages\/4875"}],"wp:attachment":[{"href":"https:\/\/bildungsmanagement.net\/en\/wp-json\/wp\/v2\/media?parent=4873"}],"curies":[{"name":"wp","href":"https:\/\/api.w.org\/{rel}","templated":true}]}}

Digitalität

<div data-elementor-type="wp-page" data-elementor-id="4873" data-post-id="4873" data-obj-id="4873" class="elementor elementor-4873 dce-elementor-post-4873 elementor-3466" data-elementor-post-type="page">
						<section class="elementor-section elementor-top-section elementor-element elementor-element-0937677 elementor-section-boxed elementor-section-height-default elementor-section-height-default" data-id="0937677" data-element_type="section" data-e-type="section">
						<div class="elementor-container elementor-column-gap-default">
					<div class="elementor-column elementor-col-100 elementor-top-column elementor-element elementor-element-417f9e5" data-id="417f9e5" data-element_type="column" data-e-type="column">
			<div class="elementor-widget-wrap elementor-element-populated">
						<div class="elementor-element elementor-element-d364c59 elementor-widget elementor-widget-heading" data-id="d364c59" data-element_type="widget" data-e-type="widget" data-widget_type="heading.default">
				<div class="elementor-widget-container">
					<h2 class="elementor-heading-title elementor-size-default">DigiLead: Digitalität</h2>				</div>
				</div>
				<div class="elementor-element elementor-element-45a7b79 elementor-widget elementor-widget-heading" data-id="45a7b79" data-element_type="widget" data-e-type="widget" data-widget_type="heading.default">
				<div class="elementor-widget-container">
					<h3 class="elementor-heading-title elementor-size-default">Schule und Bildung in der Digitalität gestalten – Zentrale Prämissen, kritische Perspektiven, thematischer Überblick  </h3>				</div>
				</div>
				<div class="elementor-element elementor-element-853f2c7 elementor-widget elementor-widget-text-editor" data-id="853f2c7" data-element_type="widget" data-e-type="widget" data-widget_type="text-editor.default">
				<div class="elementor-widget-container">
									Im Vortrag werden zentrale Prinzipien, Empfehlungen und konzeptionelle Ideen für Schule und Bildung in der Digitalität vorgestellt. Zwei Praxis-Checks ermöglichen die Analyse der eigenen Schulsituation vor dem Hintergrund der Prämissen.								</div>
				</div>
				<div class="elementor-element elementor-element-828d8a2 dce_masking-none elementor-widget elementor-widget-video" data-id="828d8a2" data-element_type="widget" data-e-type="widget" data-settings="{&quot;youtube_url&quot;:&quot;https:\/\/youtu.be\/MqxZXklkL6U&quot;,&quot;video_type&quot;:&quot;youtube&quot;,&quot;controls&quot;:&quot;yes&quot;}" data-widget_type="video.default">
				<div class="elementor-widget-container">
							<div class="elementor-wrapper elementor-open-inline">
			<div class="elementor-video"></div>		</div>
						</div>
				</div>
				<div class="elementor-element elementor-element-3780bf2 elementor-widget elementor-widget-text-editor" data-id="3780bf2" data-element_type="widget" data-e-type="widget" data-widget_type="text-editor.default">
				<div class="elementor-widget-container">
									<p style="font-weight: 400;">Der Aufsatz vertieft den Vortrag: <a href="https://bildungsmanagement.net/publikationen/schule-in-der-digitalitaet-gestalten/">https://bildungsmanagement.net/publikationen/schule-in-der-digitalitaet-gestalten/</a></p><p style="font-weight: 400;">Er geht der Frage nach, wie Schule in Zeiten des digitalen Wandels zu gestalten ist. Einführend wird die Corona-Pandemie als Booster digitalen Wandels beschrieben. Grundlegende Perspektiven werden präsentiert und die Rolle von Schulleitungen und Kollegien im Umgang mit dem digitalen Wandel im Rahmen der Schulentwicklung skizziert. Mit dem Handlungsmodell Schulgestaltung wird eine theoretische Rahmung von Bildung, Lernen und Schulgestaltung mit Digitalität vorgenommen. Es werden Prämissen, Empfehlungen, konzeptionelle Ideen und Möglichkeiten und das thematische Spektrum aufgezeigt, beides für einen Praxis-Check und im Handlungsmodell Schulgestaltung verankert. Im Anschluss werden digitaler Wandel, Schule und Bildung nach Erfahrungsgrad und Schulform differenziert. Der Beitrag schließt mit einem Fazit, auch in Sachen Digitalisierung das Richtige richtig zu tun, schrittweise und in einer Balance von Bewahren, Innovieren und Optimieren.</p>								</div>
				</div>
					</div>
		</div>
					</div>
		</section>
				</div>

<p>DigiLead: Digitalität Schule und Bildung in der Digitalität gestalten – Zentrale Prämissen, kritische Perspektiven, thematischer Überblick Im Vortrag werden zentrale Prinzipien, Empfehlungen und konzeptionelle Ideen für Schule und Bildung in der Digitalität vorgestellt. Zwei Praxis-Checks ermöglichen die Analyse der eigenen Schulsituation vor dem Hintergrund der Prämissen.https://youtu.be/MqxZXklkL6U Der Aufsatz vertieft den Vortrag: https://bildungsmanagement.net/publikationen/schule-in-der-digitalitaet-gestalten/ Er geht der [&hellip;]</p>

<!-- This site is optimized with the Yoast SEO plugin v27.1.1 - https://yoast.com/product/yoast-seo-wordpress/ -->
<title>Digitalität - Education Management</title>
<meta name="robots" content="index, follow, max-snippet:-1, max-image-preview:large, max-video-preview:-1" />
<link rel="canonical" href="https://bildungsmanagement.net/en/digilead/digilead-digitalitaet/" />
<meta property="og:locale" content="en_US" />
<meta property="og:type" content="article" />
<meta property="og:title" content="Digitalität - Education Management" />
<meta property="og:description" content="DigiLead: Digitalität Schule und Bildung in der Digitalität gestalten – Zentrale Prämissen, kritische Perspektiven, thematischer Überblick Im Vortrag werden zentrale Prinzipien, Empfehlungen und konzeptionelle Ideen für Schule und Bildung in der Digitalität vorgestellt. Zwei Praxis-Checks ermöglichen die Analyse der eigenen Schulsituation vor dem Hintergrund der Prämissen.https://youtu.be/MqxZXklkL6U Der Aufsatz vertieft den Vortrag: https://bildungsmanagement.net/publikationen/schule-in-der-digitalitaet-gestalten/ Er geht der [&hellip;]" />
<meta property="og:url" content="https://bildungsmanagement.net/en/digilead/digilead-digitalitaet/" />
<meta property="og:site_name" content="Education Management" />
<meta name="twitter:card" content="summary_large_image" />
<meta name="twitter:label1" content="Est. reading time" />
	<meta name="twitter:data1" content="1 minute" />
<script type="application/ld+json" class="yoast-schema-graph">{"@context":"https://schema.org","@graph":[{"@type":"WebPage","@id":"https://bildungsmanagement.net/en/digilead/digilead-digitalitaet/","url":"https://bildungsmanagement.net/en/digilead/digilead-digitalitaet/","name":"Digitalität - Education Management","isPartOf":{"@id":"https://bildungsmanagement.net/en/#website"},"datePublished":"2022-04-21T16:31:23+00:00","breadcrumb":{"@id":"https://bildungsmanagement.net/en/digilead/digilead-digitalitaet/#breadcrumb"},"inLanguage":"en-US","potentialAction":[{"@type":"ReadAction","target":["https://bildungsmanagement.net/en/digilead/digilead-digitalitaet/"]}]},{"@type":"BreadcrumbList","@id":"https://bildungsmanagement.net/en/digilead/digilead-digitalitaet/#breadcrumb","itemListElement":[{"@type":"ListItem","position":1,"name":"Startseite","item":"https://bildungsmanagement.net/en/"},{"@type":"ListItem","position":2,"name":"DigiLead","item":"https://bildungsmanagement.net/en/digilead/"},{"@type":"ListItem","position":3,"name":"Digitalität"}]},{"@type":"WebSite","@id":"https://bildungsmanagement.net/en/#website","url":"https://bildungsmanagement.net/en/","name":"Education Management","description":"","potentialAction":[{"@type":"SearchAction","target":{"@type":"EntryPoint","urlTemplate":"https://bildungsmanagement.net/en/?s={search_term_string}"},"query-input":{"@type":"PropertyValueSpecification","valueRequired":true,"valueName":"search_term_string"}}],"inLanguage":"en-US"}]}</script>
<!-- / Yoast SEO plugin. -->

Digitalität - Education Management

DigiLead: Digitalität Schule und Bildung in der Digitalität gestalten – Zentrale Prämissen, kritische Perspektiven, thematischer Überblick Im Vortrag werden zentrale Prinzipien, Empfehlungen und konzeptionelle Ideen für Schule und Bildung in der Digitalität vorgestellt. Zwei Praxis-Checks ermöglichen die Analyse der eigenen Schulsituation vor dem Hintergrund der Prämissen.https://youtu.be/MqxZXklkL6U Der Aufsatz vertieft den Vortrag: https://bildungsmanagement.net/publikationen/schule-in-der-digitalitaet-gestalten/ Er geht der [&hellip;]
